d - n, 5*d - 64 = -4*b - 2. What is the tens digit of d?
1
Suppose -4*y + 83 = -2*z - 57, y - z = 34. Suppose -3*l - 6 = -5*p + 18, 3*l - y = -5*p. What is the units digit of (p/5)/(6/15)?
3
Let c(z) = 0 - 16*z**2 + 15*z**2 + 5*z + 5. What is the units digit of c(5)?
5
Let t(l) = 7*l - 75. What is the tens digit of t(14)?
2
Suppose 5*g - v - 8 = 7, -3*g - 2*v = -22. Let z(j) = -g + 12 - 1 + j. What is the units digit of z(7)?
4
Let t(p) = 9*p**2 - 13*p + 8. What is the hundreds digit of t(-4)?
2
Suppose 5*f + 29 = -2*h, h - 1 = 3*f + 12. Let d be (-1 + -1)*h/4. What is the units digit of d/((1/1)/9)?
9
Let z(d) = d - 2. Let o be z(3). What is the tens digit of 0 + 0 + o + 10?
1
Suppose -3*q + 2*q - 30 = -5*s, 3*q + 40 = 5*s. Let y = s + -2. Suppose -v - y*v = -12. What is the units digit of v?
3
Suppose -9 + 4 = s, 2*s = y - 65. What is the units digit of y?
5
Let d = -5 - -12. Let f = d - 5. Suppose f*z - 41 = -17. What is the units digit of z?
2
Let u(f) = -f**2. Let g(n) = -5*n**2 - 1. Let q(r) = g(r) - 6*u(r). Let y be ((-8)/10)/((-2)/5). What is the units digit of q(y)?
3
Let x(h) = h**2 - 8*h - 2. Let u be x(8). What is the units digit of u/(-14) + (-48)/(-7)?
7
Suppose -2*k - 30 = 3*k. Let y(h) = -h**3 - 7*h**2 - 5*h + 7. Let n be y(k). Let s(o) = 17*o - 1. What is the units digit of s(n)?
6
Let g = 5 - 1. Suppose 0 = 5*i - 5*c - 155, -g*i + 5*c + 179 - 58 = 0. What is the units digit of i?
4
Let j(r) = -3*r - 2. Let q be j(-2). Suppose -4*h + 3*m = -8*h - 3, 20 = -q*m. What is the units digit of ((-10)/h)/((-2)/6)?
0
Suppose 308 = 2*k + 5*k. What is the tens digit of k?
4
Let h = 66 + -25. What is the units digit of h?
1
Suppose 4*k - 10 = -5*u, -4*k - 2*u + u + 18 = 0. Let a(q) be the first derivative of q**4/4 - 2*q**3 + 5*q**2/2 + 2*q + 1. What is the units digit of a(k)?
2
Suppose -2*v - 2*z = 2, 7*v - 4*v - 5*z = 5. Suppose -n + p + 3*p + 42 = v, 96 = 3*n + 3*p. Suppose n = 5*u - 6. What is the units digit of u?
8
Suppose -5*i = -6*i + 1. What is the units digit of i?
1
Suppose 3*v + 13 = 4*q, 0 = 2*v - 5*q + 19 - 1. Let l be v/(3/(-6)) + 2. Let z(y) = -y**2 - y + 3. What is the units digit of z(l)?
3
Let l(z) = -z**2 - 11*z + 6. Let x be l(-11). Let t = x - 5. What is the units digit of 9/(t/(1/1))?
9
Let r(w) = w**3 + 10*w**2 - 6*w - 3. What is the tens digit of r(-10)?
5
Let s(p) = -p**3 + 4*p**2 - 4*p. Let l be s(3). What is the units digit of 2*l*26/(-12)?
3
Let m = 13 - 29. Let h = 32 + m. What is the tens digit of h?
1
Suppose 0 = -23*x + 18*x + 250. What is the units digit of x?
0
Let d(s) = -5*s - 3. Let b be d(-3). Suppose 0 = w + 3*w - b. What is the units digit of w?
3
Suppose 5*w = 197 + 58. What is the tens digit of w?
5
Suppose 4*z - 5*p = 23, 2*z - 56 = -z - 4*p. Suppose 2*x = -x + z. Suppose 2*d + 2*d - x*r = 20, -r = 2*d - 25. What is the units digit of d?
0
Let z = -9 - -10. What is the units digit of z?
1
Let o = 39 + -12. What is the units digit of o?
7
Suppose -n - 18 = -132. What is the units digit of n?
4
Let w(c) = -4*c + 2. Suppose 5*h - 2*h = -9. What is the units digit of w(h)?
4
Let j(z) = z**3 + 6*z**2 - 6*z + 10. Let k be j(-7). Suppose -k*c = c - 56. What is the units digit of c?
4
Let o = -63 - -233. Suppose 0 = 5*a - 3*v - o, 2 = -v - 3. What is the units digit of a?
1
Let l(t) = 25*t**2 + 2*t - 12. What is the hundreds digit of l(4)?
3
Let v(q) be the second derivative of q**4/12 - q**3/6 - q**2/2 - 2*q. Suppose 5*d + 6 = -9. What is the tens digit of v(d)?
1
Let a(r) = 5*r + 2. Let o be a(-5). Let q = o + 49. Suppose -6*d - 3*j + q = -2*d, 3*d = -5*j + 25. What is the units digit of d?
5
Let c(y) = -y**2 - 3*y - 2. Let b be c(-4). Let d = 15 - b. Suppose -9 = -5*i + d. What is the units digit of i?
6
Let b(o) = o**3 - o**2 - 2. Suppose 0 = -3*g - 0 - 6, 62 = 3*a - g. Let w be (8/(-10))/((-8)/a). What is the units digit of b(w)?
2
Suppose 2*h = 3*w - 587, 4*w - 6*h - 786 = -4*h. What is the tens digit of w?
9
Let m(h) = h**2 - 6*h + 52. What is the tens digit of m(7)?
5
Let i(h) = -h**2 - 11*h - 21. What is the units digit of i(-8)?
3
Let k(v) = v**2 + 10*v - 5. Let c be k(-11). Suppose 5*g - c + 1 = 0. What is the units digit of 1 - (-1 - g/(-1))?
1
Let v = -8 + 29. What is the tens digit of v?
2
Suppose -7*n + 156 = -4*n. What is the units digit of n?
2
Let w(z) = z**2 - 3*z + 3. Let j be w(3). Suppose 36 = j*x + 15. What is the units digit of x?
7
Let i(p) = -p**2 - 8*p + 8. Let j be i(-7). Suppose 3*a = 2*a + j. What is the units digit of a?
5
Let u(a) be the first derivative of 7*a**3/3 + a**2/2 + a + 1. What is the tens digit of u(-2)?
2
Let u(m) = -68*m - 3. Let t be u(-3). Suppose -5*p + 4*x - 38 = -t, -3*p = -5*x - 103. What is the units digit of p?
1
Suppose -4*u = 3*t - 36, t - 4*u = -2 - 2. What is the units digit of t?
8
Let l(i) be the second derivative of -1/2*i**4 + 7/6*i**3 - 1/20*i**5 + 0 - i + 9/2*i**2. What is the units digit of l(-7)?
9
Suppose -4*i + 19 + 7 = -3*v, 4*i - v - 30 = 0. Let t = 19 - i. What is the tens digit of t?
1
Let m = -13 + 18. Let x(d) = -2*d + 4. Let b be x(m). What is the units digit of ((-6)/18)/(1/b)?
2
Suppose 5*q - 28 = 2. Suppose -q*o + o + 2*n + 5 = 0, -2*o + 2*n + 8 = 0. What is the units digit of (4/5)/(o/(-5))?
4
Let i(o) = -o**3 + 14*o**2 - 13*o + 4. Let m be 13*(-4 + 3 + 2). What is the units digit of i(m)?
4
Suppose 0 = 4*q + 3*z - 213, 5*q = 4*z + 295 - 52. What is the units digit of q?
1
Let n = 2 + -13. What is the units digit of (-2)/n - 126/(-33)?
4
Suppose 3*u - 225 = 3*w, 0 = -3*w + 2*u + 3*u - 221. Let s = 110 + w. What is the units digit of s?
3
Let x = -63 - -88. What is the units digit of x?
5
What is the tens digit of 2 + 4 + -4 + 27?
2
Suppose -4*b - 3*t + 556 = 0, -4*b + 73 = 2*t - 483. What is the units digit of b?
9
Let i = -4 - -6. Suppose m - i = -m. What is the units digit of m?
1
Let f = 11 - 15. What is the units digit of -22*((-10)/f)/(-5)?
1
Let i be 14/(-7) + 1 + 0. Let t = i - -4. What is the units digit of ((0 - t) + 8)*2?
0
Let w(z) = z**3 + z + 7. Let u be w(0). Suppose 0 = 5*a - 8 - u. What is the units digit of 2/4 - a/(-6)?
1
Let d(z) = -z**3 - 3*z**2 + 7*z + 6. What is the tens digit of d(-5)?
2
Let g(a) = a - 10. Let f = -17 - -26. Let x be g(f). What is the units digit of x/2 + 26/4?
6
Let g = -20 + 52. What is the units digit of g?
2
Let h = -17 - -20. Suppose -h*q + 85 - 7 = 0. What is the units digit of q?
6
Suppose 155*p + 310 = 160*p. What is the units digit of p?
2
What is the tens digit of 2 + -10*28/(-8)?
3
Suppose v = -1 + 3. Suppose q - x - x - 18 = 0, -v*x - 34 = -3*q. What is the units digit of q?
8
Let w(y) = -3 + 4*y**2 - 2*y**2 + 2*y - 3*y**2 + 6*y. What is the units digit of w(6)?
9
What is the tens digit of (-7)/((-21)/(-12)) - -67?
6
Let s = 6 - 6. What is the tens digit of 24 - (s - (1 - 3))?
2
Let j be 159/9 - (-1)/3. Let x be (3/9)/(2/j). Let w = 10 + x. What is the tens digit of w?
1
Let x(b) = 5*b**2 + 3*b. What is the units digit of x(-3)?
6
Suppose 29 = 4*b + 5*t, -4*b + 6*t - 6 = 4*t. Suppose 3*v - b = 4*v. Let n = 2 - v. What is the units digit of n?
3
Let o = -8 + 173. What is the hundreds digit of o?
1
Let k = 186 - 24. What is the tens digit of k?
6
Suppose 4*a + q - 15 = -0*q, 0 = a + q. Suppose 5*c - 3*p = 8 + 7, 0 = -a*c - 3*p + 45. What is the units digit of c?
6
Let n(s) = -s**3 - s**2 - 2. Let c be n(-2). What is the units digit of 4 + (0 - -19) - c?
1
Let q be 5 - (-1 + -2 - -4). Let c = q + 5. What is the units digit of c?
9
Let a = -27 + 22. Let n(o) = -2*o - 17. Let r(i) = i + 8. Let y(q) = -4*n(q) - 7*r(q). What is the units digit of y(a)?
7
Let f = 1 - -2. Suppose 1 = -k - f. What is the units digit of (-15)/(-2) + k/8?
7
Suppose 0 = -3*s + 666 - 189. What is the units digit of s?
9
Suppose q = -0*q + 36. Suppose 4*m = 4*i - q, 2*i - 6*m - 10 = -2*m. What is the tens digit of i?
1
Let g = -59 - -41. What is the units digit of 31/6 - (-3)/g?
5
Let o(d) = d**2 - 2*d + 4. Let j = -7 - -4. What is the tens digit of o(j)?
1
Let x be 1*((5 - 2) + -58). What is the units digit of (748/x)/(4/(-10))?
4
Let a(w) = 3*w**2 - 8*w + 3. What is the tens digit of a(6)?
6
Let t(r) = 3*r - 6*r**2 + 36*r**2 - 4*r. Let z be t(-1). Suppose -y = 2*q - 5*q + z, -3*q - 2*y = -19. What 